digit of z(t)?
4
Let k = -54 - -82. Let u = 43 - k. What is the units digit of (-3)/u - (-46)/5?
9
Suppose 6*k = 4*k + 10. Let q be (1 + 27)*k/10. What is the units digit of q/(-4)*(-6 + 2)?
4
Suppose 4*v + 1192 = 4*b, 4*b - 5*v - 1456 = -268. What is the hundreds digit of b?
3
Let d be 1/(-4) + 740/16. Suppose l = -2*b - 3*l + 122, b + 5*l = d. What is the units digit of b?
1
Suppose 0 = 4*s - 5*d + 546, -55 = 3*s + 5*d + 337. Let w = s + 342. What is the units digit of w?
8
Suppose -32 - 18 = -5*w. Let x = 50 - 46. What is the tens digit of (1404/90)/(x/w)?
3
Let o(f) = 2*f - 3. Let n be o(3). Suppose n*x - c - 76 = -5*c, 0 = 4*x + c - 110. Suppose 108 + x = 2*m. What is the tens digit of m?
6
Suppose 3*l + 132 - 432 = 0. Suppose -5*m + m = -l. What is the tens digit of m?
2
Let s be (5/(-4))/(-4 + (-75)/(-20)). Suppose y + s*r = 134, -2*y + 6*r = 4*r - 304. What is the hundreds digit of y?
1
Let h = 51 - -221. What is the hundreds digit of h?
2
Let x = 370 + 137. Let k = x - 281. What is the hundreds digit of k?
2
Let g(j) = 395*j + 60. What is the hundreds digit of g(2)?
8
Suppose 4*f + 1 = -31. Let a(h) = h**3 + 8*h**2 + 2*h + 18. Let s be a(f). What is the units digit of -54*(s - 4 - -1)?
4
Let u = 3 + -47. Let b = 230 + u. What is the units digit of b?
6
Let z(s) be the second derivative of 2*s**3/3 + 3*s**2/2 - 4*s. Let d be z(-9). Let w = d + 55. What is the units digit of w?
2
Let t = 54 + -53. Let q = 32 + t. What is the units digit of q?
3
Suppose -p - 9*p - 70 = 0. Let l(s) = s**2 + 2*s + 7. What is the tens digit of l(p)?
4
Let v(i) = 3*i - 27. Let y be v(9). Suppose y = -5*r + 1290 + 240. What is the hundreds digit of r?
3
Suppose -3 = y - 5. Suppose 0 = 3*o, -3*c - 5*o = -y*c - 69. What is the tens digit of c?
6
Let u = -633 - -2460. What is the thousands digit of u?
1
Let v = 637 - 331. What is the hundreds digit of v?
3
Suppose -v = -3*f + 17, -4*f + 0*v = 3*v - 14. Suppose 40 = 5*w - 5*n, -f*w - 2*n + 4 = 2*n. What is the units digit of w?
4
Suppose 3*t + t = 20. Suppose -5*b + 4 = 4*y, -t*b + 2 + 1 = 3*y. What is the units digit of 28/2 - b/(-4)?
4
Suppose 1155 + 825 = 11*f. What is the hundreds digit of f?
1
Suppose 0 = 20*j - 2946 - 15174. What is the hundreds digit of j?
9
What is the thousands digit of 1 + -4 - -3*(-14 + 421)?
1
Suppose 358 = -9*w - 416. Let x = -59 - w. What is the units digit of x?
7
Let k(h) = -h**3 - h + 5. Let b be k(0). Suppose -394 = -b*z + d, -2*z - d + 80 = -z. Let a = z - 41. What is the tens digit of a?
3
Let s = 2 - -297. Let t = -38 + 38. Suppose 5*o - 3*c - s = t, 5*o + c - 246 = o. What is the tens digit of o?
6
Let c = 800 - -873. What is the thousands digit of c?
1
Let t(n) = 6*n - 36. Let a be t(11). What is the tens digit of (a/25)/((-9)/(-960))?
2
Suppose -8*y - 3816 = -16*y. What is the units digit of y?
7
Let f(o) = o**3 - 20*o**2 - o + 3. Let r be f(20). Let a be (-48)/9*(-18)/(-4). Let d = r - a. What is the units digit of d?
7
Suppose -10*k - 150 = -7*k. Suppose -215 = 4*u + 157. Let o = k - u. What is the units digit of o?
3
Let g = -889 - -1539. Suppose 0 = 4*f - 2*k - g, -2*f - 475 = -5*f + 4*k. What is the tens digit of f?
6
Let i be (552 - -1)/1 - -4. Suppose -i = -5*q - 127. What is the units digit of q?
6
Let b be (-2 - (1 - 1))*-2. Let m(j) = j + 9. Let x be m(-7). Suppose -b*n + 4*a = n - 270, x*a = 3*n - 164. What is the units digit of n?
8
Suppose 0 = p - 2*p + 58. Suppose -w + 4*d = -49 + 1, w = -d + p. What is the tens digit of w?
5
Let n(a) = 6*a**2 - a - 1. Let m be n(-1). What is the units digit of m*(16/12 + 4)?
2
Let x(b) = 793*b**2 + 7*b + 3. What is the units digit of x(-1)?
9
Let z(t) = 2641*t**3 - t**2 + 3*t - 3. What is the units digit of z(1)?
0
Suppose 27*t - 18*t = 17010. What is the tens digit of t?
9
Suppose 0 = 2*g - 4*h - 236, 5*g - 2*h = g + 490. Suppose g = d - 3*o, d + 561 = 5*d + o. What is the tens digit of d?
3
Let i = -2518 - -3676. What is the tens digit of i?
5
Let h(a) = a**3 - 21*a**2 + 24*a + 41. Let s be h(20). Suppose -2*l + 4*y = -l - s, -2*y - 313 = -3*l. What is the units digit of l?
1
Let q be (2 - 3*2) + 2360/5. Let n = 674 - q. What is the tens digit of n?
0
Let i = 4274 + -1327. What is the thousands digit of i?
2
Suppose -3*u + 9*u - 4746 = 0. What is the units digit of u?
1
Let h = -12 + 14. Suppose 5*k - 8 = 2*s, -s + 1 = -4*k + h. What is the tens digit of (-13)/((-1 - -4)/s)?
3
Suppose 0 = -5*j - 2*t + 660, 66 = -2*j + 4*t + 330. What is the units digit of j?
2
Let j(n) = n + 1. Let g(v) = -4*v. Let k(f) = f. Let b(a) = -4*g(a) - 11*k(a). Let d(l) = b(l) - 2*j(l). What is the tens digit of d(12)?
3
Suppose -5*s = -1516 - 9. What is the tens digit of s?
0
Suppose 2*j + j - 1027 = -4*d, 0 = 5*j - 5*d - 1700. Suppose 3*x = 190 + j. What is the hundreds digit of x?
1
Suppose -2*g = 2*g + g. Suppose -3*x + 76 + 65 = -4*j, g = 2*j. What is the tens digit of x?
4
Let o be -1 + 0 - (-1 + -5). Suppose 0 = x + k, 0 = 2*x + 5*k + 21 - 6. Let i = o + x. What is the units digit of i?
0
Let i = -86 - -106. Let v = 78 - i. What is the tens digit of v?
5
Let c(l) = 71*l + 93. What is the tens digit of c(8)?
6
Suppose 4*k + 34 = 3*u + 6*k, -9 = -u - 3*k. Let y = -6 + u. Let a = 26 - y. What is the units digit of a?
0
Let z = 7 - 7. Let r(x) = -x**3 + x. Let y be r(z). Suppose 12 = -y*t + t. What is the tens digit of t?
1
Let j(r) = r**2 + 13*r + 27. What is the hundreds digit of j(-25)?
3
Suppose -2*v - 27 = -19, 2*v = 3*z - 3086. What is the hundreds digit of z?
0
Let y = 3327 + -439. What is the tens digit of y?
8
Let k = -3127 + 6588. What is the tens digit of k?
6
Suppose -9*t - 740 = -13*t. Suppose 27*j - 32*j + t = 0. What is the tens digit of j?
3
Suppose 0 = h - 5*h + 24. Let w(c) = c**3 - 3*c**2 - c - 4. What is the units digit of w(h)?
8
Let q(w) = -411*w - 97. What is the units digit of q(-6)?
9
Let l be ((-8)/(-6))/(6/126). Let u be 8/l - 52/(-14). Suppose u*w = 2 + 22. What is the units digit of w?
6
What is the units digit of (2505/4)/(216/288)?
5
Let x be (2 - (17 - -2)) + -2. Let r = x - -19. Suppose -4*h + 4 = 6*d - 2*d, r = -4*h - 4. What is the units digit of d?
2
Let d(z) = -97*z - 1. Let b be d(-1). Suppose 0 = -2*k - 2*k + b. Suppose 32 + k = 4*l. What is the tens digit of l?
1
Let f(y) = 6*y**2 + 24*y + 81. What is the units digit of f(-13)?
3
Let u(w) = -w**3 - w**2 - 4*w - 2. Let q be u(-3). Suppose 7*x - 26 = -5. Suppose -5*k + q = -x*k. What is the units digit of k?
4
Suppose m - 11 = 3*p + 3, -2*m = 2*p - 4. Let z(b) = -29*b - 1. What is the units digit of z(p)?
6
Suppose 0 = -t + 710 + 117. What is the hundreds digit of t?
8
Suppose -14 = w + 3*q, 4*q = w + w - 2. Let y be (-54)/(-10) - 3/w. Let l = -5 + y. What is the units digit of l?
1
Let v be (-39)/(-15) + 6/15. Suppose -4*a + 24 = m, -2*a + 18 = a - v*m. Let k = a + -1. What is the units digit of k?
5
Let w = -21 - -32. Let t(s) = 4*s - 16. What is the tens digit of t(w)?
2
Suppose -5*l - 9600 = -20*l. What is the tens digit of l?
4
Suppose -17*t + 3296 = 372. What is the units digit of t?
2
Suppose -7 = -3*d + r, 5*d - 2*r + 4*r - 19 = 0. Let t(n) = 3 - 4*n + n**2 - n + 3*n - 5. What is the units digit of t(d)?
1
Let b(q) = -q**3 - q**2 + 5*q + 8. Let j be 1/(-1) + (-5)/5 - 2. What is the units digit of b(j)?
6
Suppose 26 = 12*z + 2. Suppose -3*p + 1500 = -4*b + 581, -z*b + 931 = 3*p. What is the units digit of p?
9
Let d(o) = o**2 - 4*o - 4. Let w(f) = 5*f**3 + f**2. Let a be w(1). Let z be d(a). What is the units digit of (-78)/(-4) + 12/z?
1
Suppose 9 - 54 = -3*w. Suppose 0 = 5*q + w, q = -5*v + 59 + 108. Let t = -7 + v. What is the tens digit of t?
2
Let f(x) = 5*x**3 - 2*x**2 - 6*x - 6. Let n be f(-3). Let u = n + 261. Suppose -u = 3*j - 6*j. What is the units digit of j?
0
Suppose 0 = -m - 8*m + 432. What is the units digit of m?
8
Let q = -52 - -107. Suppose 2*z - q = -2*b + 47, 4*z = -20. What is the tens digit of (b/10)/(16/120)?
4
Let j = 1040 - 290. What is the hundreds digit of j?
7
Suppose 0 = -z + 182 + 277. What is the hundreds digit of z?
4
Let n(i) = 39*i + 40. What is the hundreds digit of n(13)?
5
Let c(w) = -56*w - 27. What is the hundreds digit of c(-24)?
3
Let y(s) = -s**2 - 10*s - 2. Let f be (-5 - -1) + (1 - 4). Let g be y(f).